 - 7 = 0. Suppose -2*g = o*g - 20. Suppose -g*j + 11 = 5*c - 4*c, 3*j + 15 = 3*c. What is the units digit of c?
6
Suppose 7*j + 296 = 2466. What is the units digit of j?
0
Let u = 353 - 67. What is the units digit of u?
6
Let o(y) = -3*y - 4. Let q be o(-4). Let s(l) = l**3 + 6*l**2 - l - 7. Let c be s(-6). What is the units digit of q*c/(-2) - 2?
2
Let m(d) = d**2 - 10*d + 13. Let r be m(9). Suppose g - 2*g + 2*j = -3, r*g - 5*j - 9 = 0. What is the units digit of (1/(-2))/(g/(-6))?
3
Let l(d) = -d**3 - 5*d**2 - 5*d - 7. Let u be l(-5). Let q = u - 25. Let o = q + 13. What is the units digit of o?
6
Suppose -2*a + 2 = 28. Let u be 3/(a/8 - -2). Suppose -j - 3 = -u. What is the units digit of j?
5
What is the units digit of ((-272)/(-80) - 6/(-10))*22?
8
Let n(d) = d**2 + 6*d - 3. Let u(f) = -2*f + 11. Let k be u(8). Let r be n(k). Let z = r - -17. What is the units digit of z?
9
Let p(t) = 3*t**2 + 2*t - 2. What is the units digit of p(-2)?
6
Let x(m) = -m. Let u be x(-3). Suppose u*q - 27 = -0*q. What is the units digit of q?
9
Let i = 11 + 10. Suppose 7 = t + 4*o + i, -3*o = 12. What is the units digit of (-11)/(-2) + t/(-4)?
5
Suppose r - 2*r + 7 = 0. What is the units digit of 144/14 - 2/r?
0
Let y(b) = -b**3 + 10*b**2 - 12*b - 11. What is the units digit of y(6)?
1
Suppose i - 9 = -2*i. What is the units digit of i?
3
Suppose -5 = -g, -2*a + 3*g = 43 + 66. Let w = a + 79. What is the tens digit of w?
3
Let b be 1/(-4) + 23/(-4). What is the units digit of 5 - (0 + b + 3)?
8
Suppose 4 = 5*w - 6. Suppose 41 = w*x - f, 35 = -0*x + 2*x + f. Let j = 27 - x. What is the units digit of j?
8
Let c(z) = -z**2 + 7*z - 4. What is the units digit of c(3)?
8
Let f(x) = 2*x**2 + 16*x - 4. Let g be f(-11). What is the units digit of g/12 - 4/24?
5
Let y = 108 + -40. What is the tens digit of y?
6
Suppose -6 = r - 3*d, -2*r + 7*r - 2 = -d. Suppose r*i - 40 = -5*i. What is the units digit of i?
8
Let a = 47 - 22. What is the tens digit of a?
2
Let i = -57 + 150. What is the tens digit of i?
9
Let o = 102 + -39. What is the units digit of o?
3
Let i = -9 + -13. Let t(n) = 5*n + 4. Let z be t(6). Let s = z + i. What is the units digit of s?
2
Suppose 2*c - 10 = -0*c. What is the units digit of c?
5
Let o(c) be the third derivative of -11*c**4/24 - c**3/6 - 3*c**2. What is the tens digit of o(-1)?
1
Suppose 5*x = -a + 2, -x - x = -4*a + 8. Suppose 4 = 5*r - 0*r - a*w, w = 4*r - 5. What is the units digit of r?
2
What is the hundreds digit of (-4)/10 + 5194/35?
1
Let k(j) = 2*j**2 + 3*j + 1. Let i(v) = -v**3 - 3*v**2 + v - 4. Let z be i(-4). Suppose 2*g - z = 6*g. What is the units digit of k(g)?
3
Suppose 0 = 8*m + 2*m - 490. What is the units digit of m?
9
Let j(b) = 11*b - 20. What is the tens digit of j(4)?
2
Suppose 6 = -0*s + 3*s. Suppose -8 = 4*v - 20. Suppose 5 = o - v*i, -s*o + 2*i = 3*o - 38. What is the units digit of o?
8
Let u = -259 + 600. What is the units digit of u?
1
Let y(m) = m**3 - 9*m**2 + 5*m + 6. Let r be y(6). What is the units digit of r/(-42)*14/4?
6
Suppose 0 = 2*p - 0*p - 24. Suppose -g - 3*c + p = 1, -5*c - 19 = -3*g. What is the units digit of g?
8
Suppose 3*h - 9 = 6. Suppose 2*m = 6*m - 5*r - 90, m - 30 = h*r. What is the tens digit of m?
2
Let x(u) = 2*u**2 - 3*u + 3. Let j be x(2). Let z = 14 + j. What is the units digit of z?
9
Suppose -44 = -3*i - i. Suppose -4*z = -1 - i. What is the units digit of z?
3
Let a = -91 + 93. Suppose -2*g - 3*g = -z - 15, 3*z = 5*g - 15. Suppose z*v - 2*v = -q + 7, -34 = -4*q + a*v. What is the units digit of q?
9
Suppose -10*m + 9*m + 59 = 0. What is the units digit of m?
9
Suppose 3*d - 39 + 186 = 0. Let k = 76 + d. What is the tens digit of k?
2
Let q = 20 - 17. What is the units digit of q?
3
Suppose -2*z = -w - w - 16, 4*z - 3*w = 29. Suppose 2*o = 2*l + 1 + 11, -z*o - l = -6. What is the units digit of o?
2
Let f be 1/(2 + (-474)/238). Suppose 3*z + f = 5*d + z, 3*d = -z + 67. What is the units digit of d?
3
Suppose 3*o + 4*f - 16 = 2*o, -5*o + 29 = 3*f. Suppose -4*x = -0*x. Suppose 0 = 3*n - 5*p - 11, x = 5*n - p - o*p - 15. What is the units digit of n?
2
Let f(b) = 15*b + 6. What is the units digit of f(3)?
1
Let a be (-2 + 1)/1 + 3. What is the units digit of a/7 + (-96)/(-56)?
2
Let m = 14 + -9. Suppose -3*t + 3*u = -u - 30, -3*t + m*u = -30. What is the units digit of t?
0
Let y = -20 + 37. What is the units digit of y?
7
Suppose 3*d = -3*k - 99, 4*k + 88 = -2*d - 54. What is the tens digit of k/(-3) - 1/(-3)?
1
Suppose t + 3*a = 77, -3*a = -4*t - 5*a + 288. What is the units digit of t?
1
Let u = 57 - 42. What is the tens digit of u?
1
Let o = 116 - 80. Let x = -18 + o. What is the units digit of x?
8
Let k = 17 - 37. What is the units digit of -6*(-2 + k/4)?
2
Let v be 2*(-6)/(-6 - -3). Let m be (-1 - 0)/((-3)/(-12)). Let k = v - m. What is the units digit of k?
8
Suppose t = -4*t + 15. Suppose 0 = -r + t*r - 4. Suppose -x - 7 = -r*x. What is the units digit of x?
7
Suppose w - 4*j = 235, -117 = -3*w - 5*j + 673. What is the hundreds digit of w?
2
Suppose -8*d + 4*d - 5*y - 4 = 0, 5*d + 2*y = -22. What is the tens digit of (-2 + -7)*16/d?
2
Let r = -28 + 70. What is the tens digit of r?
4
Let b be (0 + (-2)/(-4))*0. Suppose b = 2*u - 5*h - 19 - 3, 4*h + 55 = 5*u. What is the units digit of u?
1
Let r = -3 - -5. Let a be -10*1/(-4)*2. Suppose -a*w = -r*w - 21. What is the units digit of w?
7
Let f(v) = v**2 - 6*v - 1. Let t be f(6). Let y(w) = 4*w**2 + w. Let k be y(t). Suppose 2*s - k = 3. What is the units digit of s?
3
Suppose -3 + 23 = -4*b, -3*t + b = -440. What is the tens digit of t?
4
Suppose -4*b - 9*b = -1625. What is the hundreds digit of b?
1
Suppose -9*n = -5*n - 20. What is the units digit of 2/n + (-290)/(-25)?
2
Suppose 0 = 4*d + 2*c, 3*c = 4*d + d. Suppose -2*z - 5 - 3 = d. What is the units digit of (-37)/(-7) + z/14?
5
Suppose -18 = 2*c - 2*o - 0*o, -4*c - 36 = -2*o. Let g = -3 - c. What is the units digit of g?
6
Let q be (-3 - 0) + (0 - -56). Suppose 89 + 61 = 5*f - 4*s, -2*f = -3*s - q. What is the units digit of f?
4
Let b(l) = -l**3 - 14*l**2 + 19*l + 4. What is the units digit of b(-16)?
2
Let k(y) = -y + 9. Let h be k(7). Let g be -3 - (-3 + h)*13. Suppose -f - g = -3*f. What is the units digit of f?
5
What is the units digit of (-2)/(((-15)/(-66))/(-5))?
4
Suppose 0*x - x + 2*k = -52, -4*x = 4*k - 232. What is the units digit of x?
6
Let n = 38 - 23. Let i(l) = 2*l - 4. Let p be i(3). Suppose j - n = -p*j. What is the units digit of j?
5
Let k(y) = 5*y + 3. Let n be k(-2). Let g = n - -36. What is the tens digit of g?
2
Suppose -4*k = -0*w + w + 14, -k + 2 = 3*w. Let p = w + 0. What is the units digit of 4/(p + 0 + 0)?
2
Let g(u) be the third derivative of u**7/560 + u**6/720 - u**5/15 - 2*u**2. Let p(h) be the third derivative of g(h). What is the units digit of p(1)?
0
Suppose -t + 0*t = 3. What is the units digit of 2*5 + 2 + t?
9
Let t(g) = 2*g**2 - 8*g - 4. Let j(c) = -c. Let n(h) = -4*j(h) + t(h). Let i be n(4). Suppose -3*w + 4*w = i. What is the tens digit of w?
1
Suppose 0*x + x - 19 = 5*l, 4*x + 3*l = 7. What is the units digit of (x/3)/((-8)/(-12))?
2
What is the units digit of (-2 - -3) + 43 + 2?
6
Let n be (-22)/(-8) + 1/4. Let d = -3 + n. Suppose d*r - 5*r = -g - 7, 2*r - 6 = 0. What is the units digit of g?
8
Suppose 5*v - 106 = 314. What is the units digit of v?
4
What is the units digit of -2 + 172/(5 - 1)?
1
What is the units digit of ((-1 - 0)*1)/((-7)/357)?
1
Let m be ((-36)/(-15))/((-6)/(-15)). Suppose m = -q + 14. What is the units digit of q?
8
Suppose -2*l + 42 = l. Suppose -5*x + 17 + l = 3*p, 5*x = 10. What is the units digit of p?
7
Let g be -1 - (-6 - -4) - -2. Suppose -7 = -g*i + 11. What is the units digit of i?
6
Let c(w) = 4*w - 29. What is the units digit of c(14)?
7
Let h be -1*10/(0 - 1). Suppose -9*p - 11 = -h*p. What is the tens digit of p?
1
What is the tens digit of 32 - (2/2 + -4)?
3
Let h(u) = -u**2 + 6*u + 3. Let d be h(6). Let n(t) = 2*t**2 + 3*t. Let c be n(-2). What is the units digit of 1 + -1*(c - d)?
2
Let l = 4 - 6. Let d be l/(-7) + 2/(-7). Suppose d*x - 4*x = -16. What is the units digit of x?
4
Let b(i) = i**3 - 4*i**2 + 3. Let u be 0*2/(-4) + 0. Suppose u = o - 4. What is the units digit of b(o)?